
Convert -220186 (base 10) to base 13.
-792b5
Convert 2030110030 (base 4) to base 3.
1002012101101
Convert 65655 (base 10) to base 12.
31bb3
Convert 11a8379 (base 12) to base 13.
9403a7
-dc462 (base 14) to base 4
-2002023112
Convert 2621b (base 12) to base 11.
36200
Convert 1110010011110110 (base 2) to base 12.
29b06
Convert 63512 (base 9) to base 14.
1141b
What is 44458 (base 12) in base 3?
11121010212
Convert 4210021 (base 6) to base 2.
110001101011011101
What is 4214400 (base 5) in base 15?
15b00
Convert 32305320 (base 6) to base 11.
5a454a
Convert 21301323323 (base 4) to base 11.
14a127a
-33443433 (base 6) to base 2
-11111000010000101101
Convert -3302100210 (base 4) to base 9.
-1772146
What is 113323013 (base 5) in base 16?
80929
What is -38b249 (base 13) in base 7?
-14422141
1010122202010202 (base 3) to base 6
1341112202
Convert 11b49 (base 15) to base 2.
1101110011100000
23263188 (base 9) to base 14
1709569
Convert -251643 (base 12) to base 4.
-2103131103
What is -3024220 (base 5) in base 9?
-73704
What is 740501 (base 8) in base 12?
ba4a9
What is -113121121110 (base 4) in base 2?
-10111011001011001010100
What is 61a76 (base 12) in base 2?
11111001010111010
Convert -1323504 (base 6) to base 5.
-4322113
-24035a (base 11) to base 16
-5d0a6
-1018836 (base 9) to base 10
-544515
What is -145024 (base 6) in base 4?
-3123220
What is -4343431 (base 5) in base 9?
-123624
What is 399ec (base 16) in base 9?
388665
-11010100111110110000 (base 2) to base 15
-12372d
What is -3c3b5 (base 16) in base 10?
-246709
What is 121135430 (base 6) in base 15?
306300
11021011222 (base 3) to base 5
10141334
-103120322003 (base 4) to base 14
-96445d
Convert -11301221233 (base 4) to base 12.
-610267
-1880286 (base 10) to base 12
-768166
What is -18b939 (base 12) in base 4?
-1222031331
Convert -161304 (base 9) to base 4.
-120100333
What is -4300111133 (base 5) in base 2?
-100010010010011010000101
11736 (base 15) to base 7
321114
-22023220001 (base 4) to base 6
-133112425
Convert 347150 (base 9) to base 10.
208620
1593253 (base 10) to base 11
999042
What is 25165742 (base 8) in base 2?
10101001110101111100010
What is 25d06d (base 15) in base 7?
21302014
What is 8161 (base 12) in base 7?
55636
Convert 830391 (base 11) to base 3.
2111201020202
1212001313 (base 4) to base 14
ac42b
What is -1221110111 (base 3) in base 9?
-57414
Convert -17118 (base 16) to base 7.
-542322
-21c056 (base 13) to base 11
-4a5265
What is 292a66 (base 15) in base 6?
110302423
Convert 3279097 (base 11) to base 12.
1b143b9
Convert 5757344 (base 10) to base 12.
1b17968
What is -10360313 (base 7) in base 6?
-31013315
Convert -20132103 (base 6) to base 7.
-4601442
Convert -2204132102 (base 5) to base 6.
-245531101
What is -1011110111010110100 (base 2) in base 13?
-107c6a
What is -11111000001001011010 (base 2) in base 5?
-230011120
Convert 313031311 (base 4) to base 14.
5c5c9
Convert -530597 (base 11) to base 2.
-11001111011111100001
Convert 18658b (base 15) to base 4.
10201201121
-10071 (base 16) to base 12
-31ba9
135fa (base 16) to base 11
54690
What is -2134040322 (base 5) in base 2?
-10001100010001001110001
What is 101001111001000011110100 (base 2) in base 14?
165c096
Convert a9ec7 (base 15) to base 16.
83d3a
Convert 334406 (base 12) to base 3.
1112110121120
Convert -5020655 (base 7) to base 12.
-247485
What is -14a26a (base 12) in base 15?
-6d801
Convert 6dd803 (base 14) to base 8.
16266613
What is 9191 (base 14) in base 7?
132641
What is 176842 (base 10) in base 9?
288521
-233e4 (base 16) to base 7
-1140602
What is -635771 (base 8) in base 14?
-57361
100111000011111100001101 (base 2) to base 11
5864310
Convert 8767621 (base 9) to base 7.
55014220
Convert -7567294 (base 10) to base 14.
-100da90
What is -10110310 (base 4) in base 8?
-42464
-7421687 (base 9) to base 4
-33021122023
-1121210221000 (base 3) to base 11
-539998
Convert 3980b23 (base 12) to base 3.
210101101202200
2710 (base 14) to base 9
10377
Convert 11603074 (base 8) to base 10.
2557500
Convert -4351660 (base 8) to base 11.
-728845
What is -4c179a (base 13) in base 7?
-21365251
Convert -1738d8 (base 14) to base 4.
-3013121112
-10101010101001011111 (base 2) to base 4
-2222221133
What is 521328 (base 10) in base 8?
1772160
-7389815 (base 11) to base 6
-1142534443
Convert c82a3 (base 14) to base 9.
816178
Convert -27b17 (base 12) to base 5.
-3231141
What is 412586 (base 9) in base 8?
735732
What is 990781 (base 12) in base 2?
1001010000100101010001
What is 323100322 (base 4) in base 15?
4bdd1
Convert 22036550 (base 7) to base 4.
13031321111
What is 273a89 (base 13) in base 11?
59a481
Convert 7db151 (base 14) to base 6.
232014311
-1222212210021 (base 3) to base 4
-10002322330
Convert 258903 (base 11) to base 9.
680324
What is -808678 (base 9) in base 15?
-96cdb
1000211010112 (base 3) to base 15
ac39e
Convert -44514153 (base 6) to base 9.
-2473346
1130375 (base 10) to base 16
113f87
What is -2955a (base 16) in base 15?
-35271
Convert -115020210 (base 6) to base 5.
-1030224002
Convert 1202102000 (base 3) to base 15.
a390
Convert 112200101222011 (base 3) to base 12.
2743394
What is -e5ec9 (base 16) in base 5?
-220114034
What is -557853 (base 9) in base 5?
-41140344
-101000110100010001 (base 2) to base 10
-167185
What is -2acb0 (base 14) in base 12?
-51962
What is 105bb (base 13) in base 8?
71570
-122032100 (base 5) to base 16
-8dab3
Convert 11111101202 (base 3) to base 10.
88499
What is 111101001011101100011 (base 2) in base 12?
808257
What is -6b1d45 (base 16) in base 13?
-15ba271
Convert 109322 (base 11) to base 5.
21022132
Convert e329 (base 16) to base 11.
3a767
Convert 18532a4 (base 11) to base 9.
5811776
Convert 212300 (base 9) to base 7.
1034253
What is 137666a (base 11) in base 4?
21001220211
Convert 563be (base 16) to base 9.
587460
What is -131482 (base 13) in base 9?
-770841
-19052 (base 13) to base 7
-261053
-511561 (base 9) to base 7
-2401240
250297 (base 10) to base 12
100a21
Convert -159023 (base 10) to base 8.
-466457
What is -c9dcc2 (base 15) in base 12?
-3278202
Convert 1345 (base 10) to base 6.
10121
-62047 (base 12) to base 14
-34899
-216057 (base 9) to base 12
-62851
-13bac53 (base 13) to base 2
-10111111100111100001101
Convert 11111000000110000 (base 2) to base 3.
20110020121
What is 1500304 (base 6) in base 12?
41694
What is 101043 (base 7) in base 9?
25510
432980 (base 11) to base 4
2220323332
What is 40566600 (base 7) in base 16?
33cd95
-e454 (base 15) to base 11
-33265
What is 1142016 (base 11) in base 8?
7466177
What is -101111222221 (base 3) in base 15?
-41524
Convert 159710 (base 12) to base 2.
1011010000110111100
Convert -72259 (base 10) to base 2.
-10001101001000011
What is 4415351 (base 6) in base 16?
35c53
Convert -1331154 (base 10) to base 13.
-377b86
-1112132230 (base 4) to base 7
-3003466
What is -314052253 (base 6) in base 8?
-25016351
116003 (base 10) to base 14
303bd
Convert -6432055 (base 7) to base 3.
-1110200101211
What is -39c55 (base 13) in base 12?
-522aa
Convert 3334401 (base 6) to base 7.
1300234
What is -8d138 (base 16) in base 5?
-121442343
-227240 (base 9) to base 16
-21549
39b0d4 (base 14) to base 13
548791
What is 110010000101111110001 (base 2) in base 10?
1641457
Convert 1074a19 (base 11) to base 9.
3475627
Convert -9b2a2 (base 12) to base 6.
-4225522
-26aa4b (base 15) to base 12
-75768b
What is -88563 (base 9) in base 8?
-162636
2359187 (base 13) to base 8
51544263
What is -149388 (base 14) in base 8?
-2570134
Convert -2001322030 (base 4) to base 5.
-114011413
Convert -282648 (base 11) to base 15.
-8b265
Convert -23331043 (base 5) to base 12.
-a418b
What is 55731 (base 8) in base 2?
101101111011001
-125301330 (base 6) to base 12
-a04846
-10210230 (base 4) to base 5
-1044412
62b26 (base 14) to base 8
721136
Convert -1656358 (base 9) to base 5.
-214020320
What is 231537 (base 8) in base 16?
1335f
What is 14749 (base 14) in base 3?
2120201120
232301321 (base 4) to base 3
100201211122
What is -5435224 (base 6) in base 9?
-450537
-240581 (base 14) to base 13
-341067
-5352564 (base 8) to base 13
-3b13b3
Convert -2614354 (base 7) to base 15.
-6ab84
Convert 303103223 (base 4) to base 13.
7486a
Convert -133312 (base 6) to base 8.
-30214
-104322 (base 10) to base 14
-2a038
What is -220307 (bas